ulate the highest common factor of 754 and 8893053.
377
What is the highest common factor of 108614979 and 1023?
1023
Calculate the highest common factor of 2218 and 157475782.
2218
Calculate the highest common divisor of 128 and 124083424.
32
What is the greatest common factor of 21 and 14144628?
3
Calculate the highest common factor of 1914 and 55941.
87
Calculate the highest common divisor of 4384860 and 420.
60
What is the greatest common factor of 23 and 41831342?
23
Calculate the highest common divisor of 15875433 and 463539.
3111
What is the highest common factor of 597124 and 1064360?
1804
Calculate the greatest common factor of 42436543 and 2594.
1297
What is the highest common divisor of 18965793 and 25872?
1617
What is the highest common divisor of 375 and 6555875?
125
What is the greatest common divisor of 1033 and 1270950517?
1033
Calculate the highest common divisor of 8874 and 70533.
153
What is the highest common divisor of 2411212 and 23069?
1003
Calculate the greatest common factor of 4302262 and 309038.
1618
Calculate the greatest common divisor of 91321692 and 3696.
924
Calculate the greatest common divisor of 726427980 and 60.
60
Calculate the greatest common factor of 2809433 and 87.
29
What is the highest common factor of 3982290 and 2574?
78
What is the greatest common factor of 551928 and 13195?
377
What is the greatest common divisor of 113972343 and 1611?
537
Calculate the greatest common factor of 491684922 and 226.
226
Calculate the highest common divisor of 162167 and 99716.
257
What is the greatest common factor of 265428 and 184836?
876
Calculate the greatest common divisor of 5489 and 11183194.
11
What is the greatest common divisor of 967 and 21739127?
967
Calculate the highest common factor of 7113768040 and 2012.
2012
What is the greatest common divisor of 639 and 9610773?
213
Calculate the highest common factor of 6930 and 141190.
70
What is the greatest common divisor of 144056770 and 165?
55
Calculate the greatest common divisor of 60285 and 1905.
15
Calculate the greatest common divisor of 47560341 and 33.
3
What is the highest common factor of 1464 and 101484968?
488
Calculate the greatest common factor of 42018 and 411297.
141
Calculate the highest common factor of 827653 and 13801.
37
Calculate the highest common factor of 7099487 and 150655.
1039
Calculate the greatest common divisor of 101102988 and 147.
21
Calculate the highest common factor of 103541281 and 29.
29
Calculate the highest common divisor of 43807 and 29459282.
617
Calculate the greatest common divisor of 855 and 1952345.
95
Calculate the greatest common factor of 83950 and 221993.
73
Calculate the greatest common factor of 14120 and 31930615.
1765
What is the greatest common factor of 1361731 and 658?
329
Calculate the greatest common factor of 6 and 15676972.
2
Calculate the greatest common factor of 13 and 285085437.
13
Calculate the highest common divisor of 1429204 and 47992.
28
What is the highest common divisor of 2047204 and 36?
4
Calculate the greatest common factor of 2806596 and 23868.
1404
Calculate the highest common factor of 10140449 and 352.
11
What is the greatest common divisor of 3020 and 263568?
4
Calculate the highest common factor of 358 and 24280813.
179
What is the greatest common factor of 78 and 33892494?
6
Calculate the highest common factor of 2819124 and 22.
22
What is the highest common divisor of 195 and 94315845?
195
Calculate the greatest common factor of 646 and 29237314.
646
Calculate the highest common factor of 88 and 3049600.
8
What is the highest common factor of 136389 and 7689?
33
What is the highest common factor of 9990 and 24847720?
370
Calculate the highest common divisor of 383792 and 589424.
272
What is the greatest common factor of 357573640 and 670?
670
Calculate the greatest common divisor of 275 and 353225.
25
Calculate the highest common divisor of 16962454 and 566.
566
Calculate the greatest common divisor of 696 and 23369592.
696
Calculate the greatest common factor of 33310384 and 3424.
1712
What is the greatest common divisor of 10039616 and 14008?
824
What is the greatest common divisor of 173451976 and 1640?
328
Calculate the greatest common factor of 2440771 and 3027.
1009
What is the highest common divisor of 2319532 and 16?
4
Calculate the highest common factor of 120727 and 28208488.
4163
What is the greatest common divisor of 187207 and 15702968?
1121
Calculate the greatest common factor of 446612814 and 1252.
626
Calculate the highest common divisor of 754 and 353394.
58
Calculate the greatest common divisor of 1161405 and 3185.
35
What is the greatest common factor of 88 and 15860515?
11
What is the highest common divisor of 6750 and 1299618?
54
Calculate the highest common factor of 7 and 68467098.
7
Calculate the greatest common divisor of 1824 and 24776.
152
Calculate the highest common factor of 152 and 130628287.
19
What is the greatest common divisor of 136 and 10018202?
34
What is the highest common divisor of 21373 and 11834009?
737
What is the greatest common factor of 205 and 13928069?
41
Calculate the highest common factor of 20660 and 125.
5
What is the greatest common factor of 47050 and 8463354?
1882
Calculate the greatest common divisor of 4701418 and 85.
17
What is the greatest common factor of 29185 and 4945?
5
Calculate the highest common divisor of 363124 and 5060.
92
What is the greatest common factor of 752943626 and 2?
2
Calculate the highest common factor of 832465 and 52960.
1655
What is the highest common divisor of 88905 and 5685?
15
What is the greatest common factor of 221460 and 3165?
15
Calculate the highest common factor of 360220 and 18304322.
5146
Calculate the highest common factor of 894977484 and 1164.
1164
Calculate the greatest common divisor of 276 and 920253.
69
Calculate the highest common divisor of 142352 and 559814.
82
What is the greatest common factor of 1044541 and 91859?
947
Calculate the greatest common factor of 17005454 and 2.
2
Calculate the greatest common factor of 4392 and 5386544.
488
Calculate the greatest common factor of 6232080 and 91425.
345
What is the greatest common divisor of 2594474 and 12575?
503
What is the highest common factor of 11697028 and 28?
28
Calculate the greatest common divisor of 448 and 368565680.
112
What is the highest common factor of 2040 and 2692290?
510
Calculate the highest common divisor of 6496666 and 2364.
394
Calculate the greatest common factor of 17229753 and 32967.
2997
What is the highest common divisor of 1026879 and 206724?
2247
What is the greatest common divisor of 12910981 and 69?
23
What is the highest common factor of 29000925 and 28975?
1525
Calculate the greatest common factor of 13 and 46412587.
13
Calculate the highest common factor of 215321 and 3304478.
197
What is the highest common divisor of 1126 and 23281739?
563
Calculate the greatest common factor of 67983975 and 9315.
3105
What is the highest common factor of 2132 and 5984073?
41
What is the highest common factor of 7720371 and 214?
107
What is the highest common factor of 2957369 and 5301?
589
What is the highest common factor of 5202 and 10284?
6
Calculate the highest common factor of 6188 and 8636810.
182
Calculate the greatest common factor of 8851440 and 320.
80
Calculate the greatest common divisor of 1260 and 1612485.
315
Calculate the highest common factor of 886629 and 51732.
1437
What is the greatest common factor of 1180518 and 4983?
453
What is the highest common factor of 110337781 and 1448?
181
What is the greatest common factor of 137878 and 7644?
26
Calculate the greatest common factor of 5345088 and 535052.
2716
What is the greatest common divisor of 20 and 35624830?
10
Calculate the highest common divisor of 9831 and 4475478.
339
Calculate the highest common factor of 560 and 29050.
70
Calculate the highest common factor of 30660130 and 5484.
914
What is the greatest common divisor of 32148 and 66167916?
564
What is the greatest common divisor of 4698 and 32516772?
174
Calculate the highest common factor of 2805 and 1485165.
165
What is the greatest common divisor of 6150 and 2077429?
41
What is the highest common divisor of 335063 and 32524?
47
Calculate the greatest common divisor of